 h = 12 - 10. Let a(t) = -6*t**3 - 2*t**2 + 2*t. Let g be a(h). Let m be g/20 - 9/(-15). Determine p(m).
-2
Let c = -25 - -16. Let f be (2/3)/(c/(-27)). Let j(q) = 7*q - 1. What is j(f)?
13
Let n(b) = 3 - 9 + 3*b + 2 + 2. What is n(0)?
-2
Let g(t) = -6*t + 30. Let b be g(4). Let f = 9 - b. Let k(s) = -s - 3. Let p(o) = -o. Let a(j) = -k(j) + 3*p(j). What is a(f)?
-3
Let f(m) = 19*m. Let r(s) = -2*s - 1. Let w(l) = f(l) + 2*r(l). Determine w(1).
13
Let d(w) be the first derivative of w**3/3 - 2*w**2 + 5*w - 28. Let b = -13 - -7. Let v = -2 - b. Calculate d(v).
5
Let m(h) = -25 - 8*h - 31 + 94 - 36. Calculate m(2).
-14
Let a = -1281 + 1282. Let c(v) = 9*v - 1. Determine c(a).
8
Let o(s) = 12 + s + 4*s**2 + 9 - 5*s**2 - 16. What is o(0)?
5
Let o(b) be the second derivative of -b**4/12 - b**3 - 3*b**2 - 13*b + 10. Suppose -4*k - 11 = 5. Give o(k).
2
Let f(i) = i**3 + 3*i**2 + i - 1. Let s be f(-2). Let u(v) = 0*v - 2*v + 0 - 5*v**3 + 1. Calculate u(s).
-6
Suppose f - 8 = -3*g + 17, -f - g + 15 = 0. Let z be 114/15 - (-4)/f. Let s(m) be the third derivative of -m**6/120 + 2*m**5/15 + 7*m**3/6 - 2*m**2. Give s(z).
7
Suppose -u - 5*g = -9 - 5, -3*u - 2*g + 16 = 0. Let p(o) be the second derivative of 0 - 1/12*o**u - o + 1/2*o**3 + 2*o**2. What is p(5)?
-6
Let p(m) be the first derivative of 3*m**2 + m - 5*m**2 + 5 + m**2 + 7*m. Suppose -3*v = -5*z - 0*z + 50, 4*v = 5*z - 55. What is p(z)?
-6
Let g(l) = -2*l**2 + 17*l + 11. Let v be (0 + -5)/((-15)/6). Let m(d) = d**2 - 8*d - 5. Let j(o) = v*g(o) + 5*m(o). Give j(5).
-8
Let u = 76 - 48. Suppose 4*k - u = -3*c - c, 3*k = 4*c - 49. Suppose 3*n + c = 5*n. Let p(w) = -w + 4. Give p(n).
-1
Let q(m) be the third derivative of 13*m**5/60 - m**3/6 + 98*m**2 - m. Determine q(-2).
51
Let o(v) = -2 - 1 + 10*v + 4. Suppose -b - 5*s = -0*s + 20, 0 = -3*b - 5*s - 20. Suppose 13 = -z - z - 5*t, 4*z - 2*t - 10 = b. What is o(z)?
11
Let k(a) = 2*a**3 - 6*a**2 - 6*a + 7. Let g(b) = -b - 13. Let r be g(-12). Let n(z) = z**3 - z**2 + z + 1. Let t(p) = r*k(p) + n(p). Calculate t(6).
0
Let l(t) = 2*t**3 - 2*t**2 - 3*t + 2. Let h(m) = 5*m + 0 + 5 - 1 - 3*m. Let d be h(-1). What is l(d)?
4
Let i(d) = d**3 + 5*d**2 - 3*d - 7. Suppose -5*p + p + 5*s = 31, 0 = -2*p + 3*s - 17. Let z be (75/10)/5 + 26/p. Calculate i(z).
8
Let g = -24 + 29. Suppose 39 = 3*v - 4*l, -3*v + g*l - 13 = -4*v. Let t(u) = 9*u**2 - v*u**2 + 3 + 3*u**2 + 5*u. Calculate t(4).
7
Let n(a) = 4*a + 16. Let o be (-44)/8 + (-2)/(12/(-3)). What is n(o)?
-4
Let v(d) = 91 + 5*d**2 + d - 11*d**3 - 4*d**2 + 113 - 203. Suppose s = 6*s + 5. Let f be (2 + s)*1/(-1). Determine v(f).
12
Let y(n) be the second derivative of -1/2*n**3 + 1/2*n**4 + 0 - 4*n**2 + 31*n + 1/20*n**5. Let k(b) = -2*b**3 + 4*b**2 - 3*b. Let g be k(2). Give y(g).
10
Suppose -4*n = 4 + 12. Let t(b) = -3*b**2 - 14*b + 26. Let d(z) = z**2 + 5*z - 9. Let q(y) = n*t(y) - 11*d(y). Let h = -835 + 831. Calculate q(h).
7
Let u(c) be the first derivative of -2*c**2 + 7*c - 243. Calculate u(-3).
19
Suppose -5*u - 37 = -6*u. Suppose -31 = -2*t - u. Let j = -9 - t. Let x(y) = y. Calculate x(j).
-6
Let m(p) = 4*p - 3. Let r = -10 - -15. Suppose 2*d + 1 = r. Calculate m(d).
5
Suppose 3*g = 14*g - 77. Let f(v) = -v**2 + 7*v - 2. Calculate f(g).
-2
Let i be ((-42)/9 + 2)*-21. Let g(l) = -2*l + 4*l - 52*l**2 - l**3 - 1 + i*l**2. Let p(z) = 3*z**3 + z**2 - z + 1. Let x be p(1). Determine g(x).
7
Let w(x) = -6 - 4 + 5 - 2 - 6 - x. Calculate w(0).
-13
Let j(c) = 2*c. Suppose -14*u - 16 = 82. Let m(n) be the third derivative of n**6/120 + 7*n**5/60 + n**4/24 + 5*n**3/6 + n**2. Let l be m(u). Determine j(l).
-4
Let n(t) = 7*t**3 + 2*t**2 - 6*t + 5. Let m(g) = 6*g**3 + 2*g**2 - 5*g + 4. Let i(d) = -6*m(d) + 5*n(d). Let a be (5/(-2) - -3)*(0 + 2). Determine i(a).
-2
Let z(r) = 0 - 4*r + 1 + 15*r**2 - 13*r**2 - 4. Give z(-3).
27
Let u = 41 + -71. Let p be ((-4)/(-6))/((-2)/u). Let j be (-1)/(-2)*(2 + p). Let i(f) = -f**3 + 5*f**2 + 7*f - 5. Determine i(j).
1
Let t(x) = -2*x**2 - x - 1. Let c = 1131 - 1127. What is t(c)?
-37
Let n be 266/35 + (9/15)/(-1). Let v(f) = -f**3 + 5*f**2 + 6*f + 7. Determine v(n).
-49
Let f(u) = 15 + u - 2*u + 0*u - 10. Suppose 3*x + 0*x - l = 17, 3*x - 9 = -3*l. Calculate f(x).
0
Let g(s) = 2*s + 1025 - 2051 + 1021. Let r(p) = p**2 + 3*p - 2. Let k be r(-5). Suppose -20 = 3*f - k*f. What is g(f)?
3
Suppose -3*i + 4 = -i. Let x(c) = 76*c**i + 1 + 5*c - 75*c**2 - 3. Calculate x(-6).
4
Let d(r) = r + 9. Let h(q) = 3*q + 26. Let b(m) = 17*d(m) - 6*h(m). What is b(-11)?
8
Let f(l) = 2*l**3 - 4*l**2 + 2*l + 2. Let m(a) be the first derivative of 6*a**3 + 5*a**2/2 - 2*a + 9. Let z be m(2). Let t be z/36 + 10/(-45). Calculate f(t).
6
Suppose 0*r = -2*r - 10, 0 = 2*l - 2*r. Let c(b) = -3*b - 2. Let q(z) = -5*z - 2. Let n(k) = 8*c(k) - 5*q(k). Determine n(l).
-11
Let x(c) = -23*c**2 - 6*c - 1. Let w(n) = -19*n**2 - 6*n. Let i(q) = 5*w(q) - 4*x(q). Give i(-4).
-20
Let z(d) = -5*d**2 - 4*d + 1. Let c(q) = -6*q**2 - 5*q. Let w(o) = 2*c(o) - 3*z(o). What is w(-3)?
18
Let l(v) = -v + 5. Let x be 2/(4/(-2)) + -57 + 18. Let i = -36 - x. Determine l(i).
1
Suppose -5*l = -2*b - 8 - 16, -b = 3*l - 21. Let m(c) = l + 7*c + 0 - 4 + 1. Determine m(-3).
-18
Let t(j) be the second derivative of -j**5/20 - j**4/2 + 7*j**3/6 - 5*j**2/2 + j. Let u = 81 - 88. What is t(u)?
-5
Let d = -6 + 23. Suppose -4*c - 4*k + 27 = -9*k, -k = 2*c - d. Let y(j) = -j**2 + 7*j + 2. Calculate y(c).
-6
Let y(d) = 2*d**2 + 1. Let m(v) = v**3 - 4*v**2 - 6*v + 3. Let l(i) = -m(i) - 2*y(i). Determine l(3).
-14
Let x(v) = 3*v**2 + v. Suppose 107*y - 51*y = -112. What is x(y)?
10
Let c(x) = x**3 + 7*x**2 - 5*x + 17. Let t = 1602 + -1610. Give c(t).
-7
Let r(j) be the second derivative of 2*j**3/3 - j. Suppose o + 4*a + 39 = -0, -2*a + 61 = -3*o. Let c = o + 25. Give r(c).
8
Let v(g) be the first derivative of -3*g - 3/2*g**2 - 4. Give v(-5).
12
Let a(i) = 4*i - 9. Let o(s) = 2*s**2 - 49*s - 324. Let h be o(30). Give a(h).
15
Suppose -1739 = -16*n + 293. Let u = n + -123. Let p(r) = r**3 - 4*r**2 - r - 3. Determine p(u).
-7
Let l(r) = -3*r - 4. Suppose -3*m = -4*s - 7, -12*m + 7*m - 2*s + 29 = 0. Give l(m).
-19
Let b(y) = 120*y**3 + 126*y**3 + 124*y**3 - y - 374*y**3. Let h be 1*1/(1 + -2). Give b(h).
5
Suppose -19 = -6*h - 61. Let f(g) = 2*g**3 + 14*g**2 + g + 3. Give f(h).
-4
Let w(d) = d + 1. Let v be w(4). Suppose 4*u + k = -4 - 55, 5*u = -2*k - 73. Let x be (-27)/v - 6/u. Let g(z) = z**3 + 5*z**2 - z - 7. What is g(x)?
-2
Let j(x) be the second derivative of -19*x + 7/6*x**3 - 1/20*x**5 + 0 - 2*x**2 + 1/2*x**4. Calculate j(7).
-4
Suppose -f + 2*y - 6 = -2*y, 4*y = 0. Let d(v) = 3*v - 13. Let b(h) = 4*h - 20. Let i(o) = -5*b(o) + 7*d(o). What is i(f)?
3
Let u = 184 + -190. Let g(p) be the second derivative of -p**3/6 - p**2/2 + 7*p. Determine g(u).
5
Let n(l) be the third derivative of l**4/24 + 4*l**3/3 - 4*l**2. Let b be n(-13). Let a(r) = -r**3 - 4*r**2 + 3*r - 7. Give a(b).
3
Suppose -5*p = -2*p. Let z(j) = -7*j - 3. Let b(r) = -7*r - 3. Let d(g) = 4*b(g) - 5*z(g). Let y(h) = 3*h + 2. Let w(m) = 2*d(m) - 5*y(m). Calculate w(p).
-4
Suppose -2*k - 16 = -4*r - 0*k, 4*r = -2*k. Let s(t) = -2*t - t**r + t - 2*t**2 - 1 - 8*t**2. Calculate s(-1).
-11
Let u be (22/(-33))/(-1 + 16/12). Let x(g) = -6*g**3 - g**2 + 2*g + 3. Calculate x(u).
43
Let q = 709 - 701. Let h = -3 - -5. Let p(n) = 3 + 5 - q*n - 8*n**2 + h*n**3 - 3*n**3. What is p(-7)?
15
Let r(w) be the second derivative of w**4/6 - 7*w**3/6 + w**2 - 52*w. What is r(6)?
32
Suppose -4*s - 48 = 5*m - 2*s, -m + 2*s - 12 = 0. Let w be (3 + -7)*m/8. Let l(c) = -c**2 + 9*c - 2. Give l(w).
18
Let o(d) = 14*d - 8. Let w(c) = -5*c + 3. Let u(a) = 4*o(a) + 11*w(a). Let p be ((-8)/(-32))/((-1)/4). Let v be 273/(-35) + 4/5 + p. Give u(v).
-7
Let t(z) = -z**3 + 6*z**2 - 1. Let q(p) = 3*p**2 + p**3 - 2*p**3 - 7*p + 9*p. Let k be q(3). Calculate t(k).
-1
Let w(h) = -41 - 25*h + 26*h + 0*h. Give w(0).
-41
Let y(a) = 0 - 19*a + 22*a + 6*a**3 - 2. Give y(2).
52
Let n(u) = 2*u. Let r be 3*((-10)/(-75))/(2/10). Suppose 18 = r*k - 4*g, 0 = 3*g + 2*g + 15. Determine n(k).
6
Let r(d) = 17*d**2 - 2*d + 1. Let z be (-5)/(-3) + (3 - 33/9). Give r(z).
16
Let j(t) = -1 + 8*t**2 + 5*t - 3*t - 4*t. Let n = 23 - 15. Suppos